{"id":47,"date":"2014-06-03T23:51:46","date_gmt":"2014-06-03T21:51:46","guid":{"rendered":"http:\/\/www.pecciechanow.pl\/bip\/?page_id=47"},"modified":"2015-03-02T14:17:59","modified_gmt":"2015-03-02T13:17:59","slug":"instrukcja-korzystania-z-bip","status":"publish","type":"page","link":"https:\/\/www.pecciechanow.pl\/bip\/informacje-o-biuletynie\/instrukcja-korzystania-z-bip\/","title":{"rendered":"Instrukcja korzystania z BIP"},"content":{"rendered":"<p>Zapraszamy u\u017cytkownik\u00f3w do zapoznania si\u0119 z kr\u00f3tk\u0105 instrukcj\u0105 korzystania z zasob\u00f3w Biuletynu Informacji Publicznej PEC Ciechan\u00f3w Sp. z o.o.<\/p>\n<p><strong>Menu<\/strong><br \/>\nKluczowym elementem, wykorzystywanym w celu pozyskiwania informacji znajduj\u0105cych si\u0119 w prezentowanym biuletynie, jest menu g\u0142\u00f3wne. Wy\u015bwietlane jest ono na ka\u017cdej stronie serwisu, w postaci kolumny, po lewej stronie ekranu. Jest to menu przedmiotowe podzielone na kilka dzia\u0142\u00f3w tematycznych, zwi\u0105zanych z udost\u0119pnianymi informacjami. Poszczeg\u00f3lne dzia\u0142y opatrzone s\u0105 nag\u0142\u00f3wkami w postaci pogrubionych napis\u00f3w.<\/p>\n<p>Odno\u015bnikiem kieruj\u0105cym do wybieranej kategorii danego dzia\u0142u jest nazwa tej kategorii. Po wskazaniu kursorem myszy odpowiedniej kategorii, kursor przyjmuje posta\u0107 charakterystycznej d\u0142oni i zmienia si\u0119 t\u0142o nazwy kategorii.<br \/>\nAby przej\u015b\u0107 do wskazywanej kategorii nale\u017cy w\u00f3wczas przycisn\u0105\u0107 lewy (komputery PC) przycisk myszy.<\/p>\n<p><strong>Logo BIP<\/strong><br \/>\nW prawym, g\u00f3rnym rogu ekranu znajduje si\u0119 logo BIP z adresem og\u00f3lnopolskiej strony g\u0142\u00f3wnej biuletynu. Logo to jest jednocze\u015bnie odno\u015bnikiem do tej strony.<\/p>\n<p><strong>Logo PEC Ciechan\u00f3w Sp. z o.o.<\/strong><\/p>\n<p>W lewym, g\u00f3rnym rogu ekranu znajduje si\u0119 logo Przedsi\u0119biorstwa Energetyki Cieplnej w Ciechanowie sp\u00f3\u0142ka z o.o. z adresem strony g\u0142\u00f3wnej www. Sp\u00f3\u0142ki. Logo to jest jednocze\u015bnie odno\u015bnikiem do tej strony.<\/p>\n<p>&nbsp;<\/p>\n<p><strong>Linki<\/strong><\/p>\n<p>Poni\u017cej menu po lewej stronie znajduj\u0105 si\u0119 linki do stron:<\/p>\n<p>&#8211; Biuletynu Informacji Publicznej www.bip.gov.pl<\/p>\n<p>&#8211; Przedsi\u0119biorstwa Energetyki Cieplnej w Ciechanowie sp\u00f3\u0142ka z o.o. www.pecciechanow.pl<\/p>\n","protected":false},"excerpt":{"rendered":"<p>Zapraszamy u\u017cytkownik\u00f3w do zapoznania si\u0119 z kr\u00f3tk\u0105 instrukcj\u0105 korzystania z zasob\u00f3w Biuletynu Informacji Publicznej PEC Ciechan\u00f3w Sp. z o.o. Menu Kluczowym elementem, wykorzystywanym w celu pozyskiwania informacji znajduj\u0105cych si\u0119 w prezentowanym biuletynie, jest menu g\u0142\u00f3wne. Wy\u015bwietlane jest ono na ka\u017cdej stronie serwisu, w postaci kolumny, po lewej stronie ekranu. Jest to menu przedmiotowe podzielone na [&hellip;]<\/p>\n","protected":false},"author":7,"featured_media":0,"parent":51,"menu_order":0,"comment_status":"open","ping_status":"closed","template":"","meta":{"footnotes":""},"class_list":["post-47","page","type-page","status-publish","hentry"],"_links":{"self":[{"href":"https:\/\/www.pecciechanow.pl\/bip\/wp-json\/wp\/v2\/pages\/47","targetHints":{"allow":["GET"]}}],"collection":[{"href":"https:\/\/www.pecciechanow.pl\/bip\/wp-json\/wp\/v2\/pages"}],"about":[{"href":"https:\/\/www.pecciechanow.pl\/bip\/wp-json\/wp\/v2\/types\/page"}],"author":[{"embeddable":true,"href":"https:\/\/www.pecciechanow.pl\/bip\/wp-json\/wp\/v2\/users\/7"}],"replies":[{"embeddable":true,"href":"https:\/\/www.pecciechanow.pl\/bip\/wp-json\/wp\/v2\/comments?post=47"}],"version-history":[{"count":2,"href":"https:\/\/www.pecciechanow.pl\/bip\/wp-json\/wp\/v2\/pages\/47\/revisions"}],"predecessor-version":[{"id":128,"href":"https:\/\/www.pecciechanow.pl\/bip\/wp-json\/wp\/v2\/pages\/47\/revisions\/128"}],"up":[{"embeddable":true,"href":"https:\/\/www.pecciechanow.pl\/bip\/wp-json\/wp\/v2\/pages\/51"}],"wp:attachment":[{"href":"https:\/\/www.pecciechanow.pl\/bip\/wp-json\/wp\/v2\/media?parent=47"}],"curies":[{"name":"wp","href":"https:\/\/api.w.org\/{rel}","templated":true}]}}