{"id":18,"date":"2014-06-03T23:32:22","date_gmt":"2014-06-03T21:32:22","guid":{"rendered":"http:\/\/www.pecciechanow.pl\/bip\/?page_id=18"},"modified":"2016-10-06T10:31:10","modified_gmt":"2016-10-06T08:31:10","slug":"przedmiot-dzialalnosci","status":"publish","type":"page","link":"https:\/\/www.pecciechanow.pl\/bip\/informacje-ogolne\/przedmiot-dzialalnosci\/","title":{"rendered":"Przedmiot dzia\u0142alno\u015bci"},"content":{"rendered":"<p>Przedmiotem dzia\u0142ania Sp\u00f3\u0142ki jest:<\/p>\n<ol>\n<li>Wytwarzanie i zaopatrywanie w par\u0119 wodn\u0105, gor\u0105c\u0105 wod\u0119 i powietrze do uk\u0142ad\u00f3w klimatyzacyjnych \u2013 PKD 35.30.Z.\n<ol start=\"2\">\n<li>Wytwarzanie energii elektrycznej \u2013 PKD 35.11.Z.<\/li>\n<li>Przesy\u0142anie energii elektrycznej \u2013 PKD 35.12.Z.<\/li>\n<li>Dystrybucja energii elektrycznej \u2013 PKD 35.13.Z.<\/li>\n<li>Handel energi\u0105 elektryczn\u0105 \u2013 PKD 35.14.Z.<\/li>\n<li>Instalowanie maszyn przemys\u0142owych, sprz\u0119tu i wyposa\u017cenia \u2013 PKD 33.20.Z.<\/li>\n<li>Naprawa i konserwacja metalowych wyrob\u00f3w gotowych \u2013 PKD 33.11.Z.<\/li>\n<li>Naprawa i konserwacja maszyn \u2013 PKD 33.12.Z.<\/li>\n<li>Naprawa i konserwacja urz\u0105dze\u0144 elektrycznych \u2013 PKD 33.14.Z.<\/li>\n<li>Naprawa i konserwacja pozosta\u0142ego sprz\u0119tu i wyposa\u017cenia \u2013 PKD 33.19.Z.<\/li>\n<li>Pob\u00f3r, uzdatnianie i dostarczanie wody \u2013 PKD 36.00.Z.<\/li>\n<li>Obr\u00f3bka i usuwanie odpad\u00f3w innych ni\u017c niebezpieczne \u2013 PKD 38.21.Z.<\/li>\n<li>Roboty zwi\u0105zane z budow\u0105 ruroci\u0105g\u00f3w przesy\u0142owych i sieci rozdzielczych \u2013 PKD 42.21.Z.<\/li>\n<li>Roboty zwi\u0105zane z budow\u0105 linii telekomunikacyjnych i elektroenergetycznych \u2013 PKD 42.22.Z<\/li>\n<li>Wykonywanie instalacji wodno-kanalizacyjnych, cieplnych, gazowych i klimatyzacyjnych \u2013 PKD 43.22.Z.<\/li>\n<li>Wykonywanie instalacji elektrycznych \u2013 PKD 43.21.Z.<\/li>\n<li>Pozosta\u0142e specjalistyczne roboty budowlane, gdzie indziej niesklasyfikowane \u2013 PKD 43.99.Z.<\/li>\n<li>Sprzeda\u017c\u00a0 hurtowa wyrob\u00f3w metalowych oraz sprz\u0119tu i dodatkowego wyposa\u017cenia hydraulicznego i grzejnego \u2013 PKD 46.74.Z.<\/li>\n<li>Sprzeda\u017c hurtowa wyrob\u00f3w chemicznych \u2013 PKD 46.75.Z.<\/li>\n<li>Sprzeda\u017c hurtowa pozosta\u0142ych p\u00f3\u0142produkt\u00f3w \u2013 PKD 46.76.Z.<\/li>\n<li>Sprzeda\u017c hurtowa niewyspecjalizowana \u2013 PKD 46.90.Z.<\/li>\n<li>Pozosta\u0142a sprzeda\u017c detaliczna prowadzona poza sieci\u0105 sklepow\u0105, straganami i targowiskami &#8211; PKD 47.99.Z.<\/li>\n<li>Transport drogowy towar\u00f3w \u2013 PKD 49.41.Z.<\/li>\n<li>Dzia\u0142alno\u015b\u0107 w zakresie in\u017cynierii i zwi\u0105zane z ni\u0105 doradztwo techniczne \u2013 PKD 71.12.Z.<\/li>\n<li>Pozosta\u0142e badania i analizy techniczne \u2013 PKD 71.20.B.<\/li>\n<li>Badania naukowe i prace rozwojowe w dziedzinie pozosta\u0142ych nauk przyrodniczych i technicznych \u2013 PKD 72.19.Z.\u201d<\/li>\n<\/ol>\n<\/li>\n<\/ol>\n","protected":false},"excerpt":{"rendered":"<p>Przedmiotem dzia\u0142ania Sp\u00f3\u0142ki jest: Wytwarzanie i zaopatrywanie w par\u0119 wodn\u0105, gor\u0105c\u0105 wod\u0119 i powietrze do uk\u0142ad\u00f3w klimatyzacyjnych \u2013 PKD 35.30.Z. Wytwarzanie energii elektrycznej \u2013 PKD 35.11.Z. Przesy\u0142anie energii elektrycznej \u2013 PKD 35.12.Z. Dystrybucja energii elektrycznej \u2013 PKD 35.13.Z. Handel energi\u0105 elektryczn\u0105 \u2013 PKD 35.14.Z. Instalowanie maszyn przemys\u0142owych, sprz\u0119tu i wyposa\u017cenia \u2013 PKD 33.20.Z. Naprawa i [&hellip;]<\/p>\n","protected":false},"author":7,"featured_media":0,"parent":5,"menu_order":0,"comment_status":"open","ping_status":"open","template":"","meta":{"footnotes":""},"class_list":["post-18","page","type-page","status-publish","hentry"],"_links":{"self":[{"href":"https:\/\/www.pecciechanow.pl\/bip\/wp-json\/wp\/v2\/pages\/18","targetHints":{"allow":["GET"]}}],"collection":[{"href":"https:\/\/www.pecciechanow.pl\/bip\/wp-json\/wp\/v2\/pages"}],"about":[{"href":"https:\/\/www.pecciechanow.pl\/bip\/wp-json\/wp\/v2\/types\/page"}],"author":[{"embeddable":true,"href":"https:\/\/www.pecciechanow.pl\/bip\/wp-json\/wp\/v2\/users\/7"}],"replies":[{"embeddable":true,"href":"https:\/\/www.pecciechanow.pl\/bip\/wp-json\/wp\/v2\/comments?post=18"}],"version-history":[{"count":8,"href":"https:\/\/www.pecciechanow.pl\/bip\/wp-json\/wp\/v2\/pages\/18\/revisions"}],"predecessor-version":[{"id":272,"href":"https:\/\/www.pecciechanow.pl\/bip\/wp-json\/wp\/v2\/pages\/18\/revisions\/272"}],"up":[{"embeddable":true,"href":"https:\/\/www.pecciechanow.pl\/bip\/wp-json\/wp\/v2\/pages\/5"}],"wp:attachment":[{"href":"https:\/\/www.pecciechanow.pl\/bip\/wp-json\/wp\/v2\/media?parent=18"}],"curies":[{"name":"wp","href":"https:\/\/api.w.org\/{rel}","templated":true}]}}