{"id":43,"date":"2014-06-03T23:50:06","date_gmt":"2014-06-03T21:50:06","guid":{"rendered":"http:\/\/www.pecciechanow.pl\/bip\/?page_id=41"},"modified":"2024-06-18T12:47:35","modified_gmt":"2024-06-18T10:47:35","slug":"zarzad","status":"publish","type":"page","link":"http:\/\/www.pecciechanow.pl\/bip\/wladze\/zarzad\/","title":{"rendered":"Zarz\u0105d"},"content":{"rendered":"<p>Zarz\u0105d Sp\u00f3\u0142ki sk\u0142ada si\u0119 maksymalnie z 2 (dw\u00f3ch) cz\u0142onk\u00f3w.<br \/>Kadencja cz\u0142onk\u00f3w Zarz\u0105du jest wsp\u00f3lna i trwa trzy lata.<br \/><strong>Sk\u0142ad Zarz\u0105du:<\/strong><br \/>dr in\u017c. Ma\u0142gorzata Niest\u0119pska \u2013 Prezes Zarz\u0105du,<\/p>\n<p><a href=\"http:\/\/www.pecciechanow.pl\/bip\/wp-content\/uploads\/2024\/01\/8I3A4812_mn1.jpg\"><img loading=\"lazy\" decoding=\"async\" class=\"alignnone  wp-image-1394\" src=\"http:\/\/www.pecciechanow.pl\/bip\/wp-content\/uploads\/2024\/01\/8I3A4812_mn1-200x300.jpg\" alt=\"\" width=\"118\" height=\"177\" srcset=\"http:\/\/www.pecciechanow.pl\/bip\/wp-content\/uploads\/2024\/01\/8I3A4812_mn1-200x300.jpg 200w, http:\/\/www.pecciechanow.pl\/bip\/wp-content\/uploads\/2024\/01\/8I3A4812_mn1-682x1024.jpg 682w, http:\/\/www.pecciechanow.pl\/bip\/wp-content\/uploads\/2024\/01\/8I3A4812_mn1-768x1153.jpg 768w, http:\/\/www.pecciechanow.pl\/bip\/wp-content\/uploads\/2024\/01\/8I3A4812_mn1-1023x1536.jpg 1023w, http:\/\/www.pecciechanow.pl\/bip\/wp-content\/uploads\/2024\/01\/8I3A4812_mn1.jpg 1062w\" sizes=\"auto, (max-width: 118px) 100vw, 118px\" \/><\/a><br \/>Zarz\u0105d jest organem wykonawczym Sp\u00f3\u0142ki. Do jego kompetencji nale\u017c\u0105 wszelkie sprawy zwi\u0105zane z prowadzeniem Sp\u00f3\u0142ki, nie zastrze\u017cone dla innych organ\u00f3w Sp\u00f3\u0142ki.<\/p>\n<p>O\u015bwiadczenia maj\u0105tkowe Cz\u0142onk\u00f3w Zarz\u0105du Sp\u00f3\u0142ki\u00a0dost\u0119pne s\u0105 na stronie <a href=\"http:\/\/www.bip.umciechanow.pl\/\">www.bip.umciechanow.pl<\/a> w menu podmiotowym: Urz\u0105d Miasta Ciechan\u00f3w &#8211; O\u015bwiadczenia z SJO Gminy Miejskiej Ciechan\u00f3w.<\/p>\n<p><strong>Regulamin Zarz\u0105du Elektrociep\u0142owni Ciechan\u00f3w Sp. z o.o.<\/strong><\/p>\n\n\n<div data-wp-interactive=\"core\/file\" class=\"wp-block-file\"><object data-wp-bind--hidden=\"!state.hasPdfPreview\" hidden class=\"wp-block-file__embed\" data=\"https:\/\/www.pecciechanow.pl\/bip\/wp-content\/uploads\/2024\/06\/Regulamin-Zarzadu-Elektrocieplowni-Ciechanow-Sp.-z-o.o.pdf\" type=\"application\/pdf\" style=\"width:100%;height:600px\" aria-label=\"Osadzony PDF\"><\/object><a href=\"https:\/\/www.pecciechanow.pl\/bip\/wp-content\/uploads\/2024\/06\/Regulamin-Zarzadu-Elektrocieplowni-Ciechanow-Sp.-z-o.o.pdf\" class=\"wp-block-file__button wp-element-button\" download>Pobierz<\/a><\/div>\n","protected":false},"excerpt":{"rendered":"<p>Zarz\u0105d Sp\u00f3\u0142ki sk\u0142ada si\u0119 maksymalnie z 2 (dw\u00f3ch) cz\u0142onk\u00f3w.Kadencja cz\u0142onk\u00f3w Zarz\u0105du jest wsp\u00f3lna i trwa trzy lata.Sk\u0142ad Zarz\u0105du:dr in\u017c. Ma\u0142gorzata Niest\u0119pska \u2013 Prezes Zarz\u0105du, Zarz\u0105d jest organem wykonawczym Sp\u00f3\u0142ki. Do jego kompetencji nale\u017c\u0105 wszelkie sprawy zwi\u0105zane z prowadzeniem Sp\u00f3\u0142ki, nie zastrze\u017cone dla innych organ\u00f3w Sp\u00f3\u0142ki. O\u015bwiadczenia maj\u0105tkowe Cz\u0142onk\u00f3w Zarz\u0105du Sp\u00f3\u0142ki\u00a0dost\u0119pne s\u0105 na stronie www.bip.umciechanow.pl w [&hellip;]<\/p>\n","protected":false},"author":7,"featured_media":0,"parent":31,"menu_order":0,"comment_status":"open","ping_status":"open","template":"","meta":{"footnotes":""},"class_list":["post-43","page","type-page","status-publish","hentry"],"_links":{"self":[{"href":"http:\/\/www.pecciechanow.pl\/bip\/wp-json\/wp\/v2\/pages\/43","targetHints":{"allow":["GET"]}}],"collection":[{"href":"http:\/\/www.pecciechanow.pl\/bip\/wp-json\/wp\/v2\/pages"}],"about":[{"href":"http:\/\/www.pecciechanow.pl\/bip\/wp-json\/wp\/v2\/types\/page"}],"author":[{"embeddable":true,"href":"http:\/\/www.pecciechanow.pl\/bip\/wp-json\/wp\/v2\/users\/7"}],"replies":[{"embeddable":true,"href":"http:\/\/www.pecciechanow.pl\/bip\/wp-json\/wp\/v2\/comments?post=43"}],"version-history":[{"count":23,"href":"http:\/\/www.pecciechanow.pl\/bip\/wp-json\/wp\/v2\/pages\/43\/revisions"}],"predecessor-version":[{"id":1431,"href":"http:\/\/www.pecciechanow.pl\/bip\/wp-json\/wp\/v2\/pages\/43\/revisions\/1431"}],"up":[{"embeddable":true,"href":"http:\/\/www.pecciechanow.pl\/bip\/wp-json\/wp\/v2\/pages\/31"}],"wp:attachment":[{"href":"http:\/\/www.pecciechanow.pl\/bip\/wp-json\/wp\/v2\/media?parent=43"}],"curies":[{"name":"wp","href":"https:\/\/api.w.org\/{rel}","templated":true}]}}

Zarząd

<p>Zarząd Spółki składa się maksymalnie z 2 (dwóch) członków.<br />Kadencja członków Zarządu jest wspólna i trwa trzy lata.<br /><strong>Skład Zarządu:</strong><br />dr inż. Małgorzata Niestępska – Prezes Zarządu,</p>
<p><a href="http://www.pecciechanow.pl/bip/wp-content/uploads/2024/01/8I3A4812_mn1.jpg"><img loading="lazy" decoding="async" class="alignnone  wp-image-1394" src="http://www.pecciechanow.pl/bip/wp-content/uploads/2024/01/8I3A4812_mn1-200x300.jpg" alt="" width="118" height="177" srcset="http://www.pecciechanow.pl/bip/wp-content/uploads/2024/01/8I3A4812_mn1-200x300.jpg 200w, http://www.pecciechanow.pl/bip/wp-content/uploads/2024/01/8I3A4812_mn1-682x1024.jpg 682w, http://www.pecciechanow.pl/bip/wp-content/uploads/2024/01/8I3A4812_mn1-768x1153.jpg 768w, http://www.pecciechanow.pl/bip/wp-content/uploads/2024/01/8I3A4812_mn1-1023x1536.jpg 1023w, http://www.pecciechanow.pl/bip/wp-content/uploads/2024/01/8I3A4812_mn1.jpg 1062w" sizes="auto, (max-width: 118px) 100vw, 118px" /></a><br />Zarząd jest organem wykonawczym Spółki. Do jego kompetencji należą wszelkie sprawy związane z prowadzeniem Spółki, nie zastrzeżone dla innych organów Spółki.</p>
<p>Oświadczenia majątkowe Członków Zarządu Spółki dostępne są na stronie <a href="http://www.bip.umciechanow.pl/">www.bip.umciechanow.pl</a> w menu podmiotowym: Urząd Miasta Ciechanów &#8211; Oświadczenia z SJO Gminy Miejskiej Ciechanów.</p>
<p><strong>Regulamin Zarządu Elektrociepłowni Ciechanów Sp. z o.o.</strong></p>


<div data-wp-interactive="core/file" class="wp-block-file"><object data-wp-bind--hidden="!state.hasPdfPreview" hidden class="wp-block-file__embed" data="https://www.pecciechanow.pl/bip/wp-content/uploads/2024/06/Regulamin-Zarzadu-Elektrocieplowni-Ciechanow-Sp.-z-o.o.pdf" type="application/pdf" style="width:100%;height:600px" aria-label="Osadzony PDF"></object><a href="https://www.pecciechanow.pl/bip/wp-content/uploads/2024/06/Regulamin-Zarzadu-Elektrocieplowni-Ciechanow-Sp.-z-o.o.pdf" class="wp-block-file__button wp-element-button" download>Pobierz</a></div>

<p>Zarząd Spółki składa się maksymalnie z 2 (dwóch) członków.Kadencja członków Zarządu jest wspólna i trwa trzy lata.Skład Zarządu:dr inż. Małgorzata Niestępska – Prezes Zarządu, Zarząd jest organem wykonawczym Spółki. Do jego kompetencji należą wszelkie sprawy związane z prowadzeniem Spółki, nie zastrzeżone dla innych organów Spółki. Oświadczenia majątkowe Członków Zarządu Spółki dostępne są na stronie www.bip.umciechanow.pl w [&hellip;]</p>
