{"id":20,"date":"2014-06-03T23:32:42","date_gmt":"2014-06-03T21:32:42","guid":{"rendered":"http:\/\/www.pecciechanow.pl\/bip\/?page_id=20"},"modified":"2025-05-27T10:55:43","modified_gmt":"2025-05-27T08:55:43","slug":"majatek","status":"publish","type":"page","link":"http:\/\/www.pecciechanow.pl\/bip\/informacje-ogolne\/majatek\/","title":{"rendered":"Maj\u0105tek"},"content":{"rendered":"\n<p>Maj\u0105tek Sp\u00f3\u0142ki wg stanu na 31.12.2024 r. wynosi\u0142&nbsp; 133 322 178,20 z\u0142,<br>w tym: &#8211; aktywa trwa\u0142e &#8211; 107 792 422,23 z\u0142,<br>&#8211; aktywa obrotowe &#8211; 25 529 755,97 z\u0142<br>Kapita\u0142 w\u0142asny:&nbsp; 43 634 021,64&nbsp; z\u0142, w tym: kapita\u0142 zak\u0142adowy &#8211; 11 229 640,00 z\u0142<br>Zobowi\u0105zania i rezerwy na zobowi\u0105zania:&nbsp; 89 688 156,56 z\u0142,&nbsp; <br>w tym zobowi\u0105zania kr\u00f3tkoterminowe &#8211;&nbsp; 17 021 741,06<\/p>\n\n\n\n<p>__________________________________________________________________________________________________________<\/p>\n\n\n\n<p>Maj\u0105tek Sp\u00f3\u0142ki wg stanu na 31.12.2023 r. wynosi\u0142&nbsp; 125 961 872,93 z\u0142,<\/p>\n\n\n\n<p>w tym: &#8211; aktywa trwa\u0142e &#8211; 107 870 183,84 z\u0142,<br>&#8211; aktywa obrotowe &#8211; 18 091 689,09 z\u0142<br>Kapita\u0142 w\u0142asny:&nbsp; 36 554 510,91&nbsp; z\u0142, w tym: kapita\u0142 zak\u0142adowy &#8211; 10 808 820,00 z\u0142<br>Zobowi\u0105zania i rezerwy na zobowi\u0105zania:&nbsp; 89 407 362,02 z\u0142,&nbsp; w tym zobowi\u0105zania kr\u00f3tkoterminowe &#8211;&nbsp; 20 766 005,01 z\u0142<\/p>\n\n\n\n<p>___________________________________________________________________________________________________________<\/p>\n\n\n\n<p><\/p>\n\n\n\n<p>Maj\u0105tek Sp\u00f3\u0142ki wg stanu na 31.12.2022 r. wynosi\u0142&nbsp; 114 093 850,80 z\u0142,<br>w tym: &#8211; aktywa trwa\u0142e &#8211; 92 552 812,71 z\u0142,<br>&#8211; aktywa obrotowe &#8211; 21 541 038,12 z\u0142<br>Kapita\u0142 w\u0142asny:&nbsp; 26 566 876,02&nbsp; z\u0142, w tym: kapita\u0142 zak\u0142adowy &#8211; 10 808 820,00 z\u0142<br>Zobowi\u0105zania i rezerwy na zobowi\u0105zania:&nbsp; 87 526 974,80 z\u0142,&nbsp; w tym zobowi\u0105zania kr\u00f3tkoterminowe &#8211;&nbsp; 22 644 122,02 z\u0142<\/p>\n\n\n\n<p>___________________________________________________________________________________________________________<\/p>\n\n\n\n<p><\/p>\n\n\n\n<p><\/p>\n\n\n\n<p><\/p>\n\n\n\n<p><\/p>\n\n\n\n<p>Maj\u0105tek Sp\u00f3\u0142ki wg stanu na 31.12.2021 r. wynosi\u0142&nbsp; 74 526 418,59 z\u0142,<br>w tym: &#8211; aktywa trwa\u0142e &#8211; 57 405 247,68 z\u0142,<br>&#8211; aktywa obrotowe &#8211; 17 121 170,91 z\u0142<br>Kapita\u0142 w\u0142asny:&nbsp; 32 665 319,66&nbsp; z\u0142, w tym: kapita\u0142 zak\u0142adowy &#8211; 10 808 820,00 z\u0142<br>Zobowi\u0105zania i rezerwy na zobowi\u0105zania:&nbsp; 41 861 098,93 z\u0142,&nbsp; w tym zobowi\u0105zania kr\u00f3tkoterminowe &#8211;&nbsp; 11 034 476,19z\u0142<br><\/p>\n\n\n\n<div data-wp-interactive=\"core\/file\" class=\"wp-block-file\"><object data-wp-bind--hidden=\"!state.hasPdfPreview\" hidden class=\"wp-block-file__embed\" data=\"https:\/\/www.pecciechanow.pl\/bip\/wp-content\/uploads\/2022\/05\/Bilans-na-31.12.2021.pdf\" type=\"application\/pdf\" style=\"width:100%;height:600px\" aria-label=\"Osadzone z Bilans-na-31.12.2021.\"><\/object><a id=\"wp-block-file--media-8f2140aa-440b-4aaa-8848-09cfcfc59091\" href=\"https:\/\/www.pecciechanow.pl\/bip\/wp-content\/uploads\/2022\/05\/Bilans-na-31.12.2021.pdf\">Bilans-na-31.12.2021<\/a><a href=\"https:\/\/www.pecciechanow.pl\/bip\/wp-content\/uploads\/2022\/05\/Bilans-na-31.12.2021.pdf\" class=\"wp-block-file__button wp-element-button\" download aria-describedby=\"wp-block-file--media-8f2140aa-440b-4aaa-8848-09cfcfc59091\">Pobierz<\/a><\/div>\n\n\n\n<p><\/p>\n\n\n\n<div data-wp-interactive=\"core\/file\" class=\"wp-block-file\"><object data-wp-bind--hidden=\"!state.hasPdfPreview\" hidden class=\"wp-block-file__embed\" data=\"https:\/\/www.pecciechanow.pl\/bip\/wp-content\/uploads\/2022\/05\/RZiS.pdf\" type=\"application\/pdf\" style=\"width:100%;height:600px\" aria-label=\"Osadzone z RZiS.\"><\/object><a id=\"wp-block-file--media-6b9e9d84-0ba2-41be-9c5a-b060e0cfe021\" href=\"https:\/\/www.pecciechanow.pl\/bip\/wp-content\/uploads\/2022\/05\/RZiS.pdf\">RZiS<\/a><a href=\"https:\/\/www.pecciechanow.pl\/bip\/wp-content\/uploads\/2022\/05\/RZiS.pdf\" class=\"wp-block-file__button wp-element-button\" download aria-describedby=\"wp-block-file--media-6b9e9d84-0ba2-41be-9c5a-b060e0cfe021\">Pobierz<\/a><\/div>\n\n\n\n<p><\/p>\n\n\n\n<p><\/p>\n\n\n\n<p><\/p>\n\n\n\n<p><\/p>\n\n\n\n<div class=\"wp-block-file\"><a id=\"wp-block-file--media-7c9ae3e2-e44b-466a-a005-f613440fa089\">Maj\u0105tek Sp\u00f3\u0142ki wg stanu na 31.12.2020 r. wynosi\u0142&nbsp; 54 122 956,87 z\u0142,<br>w tym: &#8211; aktywa trwa\u0142e &#8211; 41 202 755,58 z\u0142,<br>&#8211; aktywa obrotowe &#8211; 12 920 201,29 z\u0142<br>Kapita\u0142 w\u0142asny:&nbsp; 33 297 122,50&nbsp; z\u0142, w tym: kapita\u0142 zak\u0142adowy &#8211; 10 710 770,00 z\u0142<br>Zobowi\u0105zania i rezerwy na zobowi\u0105zania:&nbsp; 20 825 834,37 z\u0142,&nbsp; w tym zobowi\u0105zania kr\u00f3tkoterminowe &#8211;&nbsp; 7 189 542,40 z\u0142<br><br>Bilans na dzie\u0144 31.12.2020 r.<\/a><a href=\"https:\/\/www.pecciechanow.pl\/bip\/wp-content\/uploads\/2021\/06\/Bilans-na-31.12.2020.pdf\" class=\"wp-block-file__button wp-element-button\" download aria-describedby=\"wp-block-file--media-7c9ae3e2-e44b-466a-a005-f613440fa089\">Pobierz<\/a><\/div>\n\n\n\n<div data-wp-interactive=\"core\/file\" class=\"wp-block-file\"><object data-wp-bind--hidden=\"!state.hasPdfPreview\" hidden class=\"wp-block-file__embed\" data=\"https:\/\/www.pecciechanow.pl\/bip\/wp-content\/uploads\/2021\/12\/Bilans-na-31.12.2020..pdf\" type=\"application\/pdf\" style=\"width:100%;height:600px\" aria-label=\"Osadzone z Rachunek zysk\u00f3w i strat na 31.12.2020.\"><\/object><a id=\"wp-block-file--media-b2296b47-89c1-490f-80fa-182217c10b6e\" href=\"https:\/\/www.pecciechanow.pl\/bip\/wp-content\/uploads\/2021\/12\/Bilans-na-31.12.2020..pdf\">Rachunek zysk\u00f3w i strat na 31.12.2020<\/a><a href=\"https:\/\/www.pecciechanow.pl\/bip\/wp-content\/uploads\/2021\/12\/Bilans-na-31.12.2020..pdf\" class=\"wp-block-file__button wp-element-button\" download aria-describedby=\"wp-block-file--media-b2296b47-89c1-490f-80fa-182217c10b6e\">Pobierz<\/a><\/div>\n\n\n<p>Maj\u0105tek Sp\u00f3\u0142ki wg stanu na 31.12.2019 r. wynosi\u0142\u00a0 51 395 660,57 z\u0142,<\/p>\n<p>w tym: &#8211; aktywa trwa\u0142e &#8211; 40 917 035,13 z\u0142,<\/p>\n<p>&#8211; aktywa obrotowe &#8211; 10 478 625,44 z\u0142<\/p>\n<p>Kapita\u0142 w\u0142asny:\u00a0 32 642 958,42\u00a0 z\u0142, w tym: kapita\u0142 zak\u0142adowy &#8211; 10 710 770,00 z\u0142<\/p>\n<p>Zobowi\u0105zania i rezerwy na zobowi\u0105zania:\u00a0 18 752 702,15 z\u0142,\u00a0 w tym zobowi\u0105zania kr\u00f3tkoterminowe &#8211;\u00a0 8 802 868,67 z\u0142<\/p>\n<p><a href=\"http:\/\/www.pecciechanow.pl\/bip\/wp-content\/uploads\/2020\/05\/Bilans-na-31.12.2019..pdf\"><img loading=\"lazy\" decoding=\"async\" class=\"alignnone wp-image-70 size-full\" src=\"http:\/\/www.pecciechanow.pl\/bip\/wp-content\/uploads\/2014\/06\/pdf.png\" alt=\"pdf\" width=\"50\" height=\"50\" \/><\/a><a href=\"http:\/\/www.pecciechanow.pl\/bip\/wp-content\/uploads\/2020\/05\/Bilans-na-31.12.2019..pdf\">Bilans na 31.12.2019.<\/a><\/p>\n<p><a href=\"http:\/\/www.pecciechanow.pl\/bip\/wp-content\/uploads\/2020\/05\/Rachunek-zysk\u00f3w-i-strat-na-31.12.2019..pdf\"><img loading=\"lazy\" decoding=\"async\" class=\"alignnone wp-image-70 size-full\" src=\"http:\/\/www.pecciechanow.pl\/bip\/wp-content\/uploads\/2014\/06\/pdf.png\" alt=\"pdf\" width=\"50\" height=\"50\" \/><\/a><a href=\"http:\/\/www.pecciechanow.pl\/bip\/wp-content\/uploads\/2020\/05\/Rachunek-zysk\u00f3w-i-strat-na-31.12.2019..pdf\">Rachunek zysk\u00f3w i strat na 31.12.2019.<\/a><\/p>\n<p>Maj\u0105tek Sp\u00f3\u0142ki wg stanu na 31.12.2018 r. wynosi\u0142 47 730 461,32 z\u0142,<\/p>\n<p>w tym: &#8211; aktywa trwa\u0142e &#8211;\u00a0 36 770 162,58 z\u0142,<\/p>\n<p>&#8211; aktywa obrotowe &#8211; 10 960 298,74 z\u0142<\/p>\n<p>Kapita\u0142 w\u0142asny:\u00a0 31 742 104,34\u00a0 z\u0142, w tym: kapita\u0142 zak\u0142adowy &#8211; 10 607 420,00 z\u0142<\/p>\n<p>Zobowi\u0105zania i rezerwy na zobowi\u0105zania:\u00a0 15 988 356,98 z\u0142,\u00a0 w tym zobowi\u0105zania kr\u00f3tkoterminowe &#8211;\u00a0 7 583 047,04 z\u0142<\/p>\n<p><a href=\"http:\/\/www.pecciechanow.pl\/bip\/wp-content\/uploads\/2019\/06\/Bilans-sporz\u0105dzony-na-dzie\u0144-31.12.2018r.-1.pdf\"><img loading=\"lazy\" decoding=\"async\" class=\"alignnone wp-image-70 size-full\" src=\"http:\/\/www.pecciechanow.pl\/bip\/wp-content\/uploads\/2014\/06\/pdf.png\" alt=\"pdf\" width=\"50\" height=\"50\" \/><\/a><a href=\"http:\/\/www.pecciechanow.pl\/bip\/wp-content\/uploads\/2019\/06\/Bilans-sporz\u0105dzony-na-dzie\u0144-31.12.2018r.-1.pdf\">Bilans sporz\u0105dzony na dzie\u0144 31.12.2018r.<\/a><\/p>\n<p><a href=\"http:\/\/www.pecciechanow.pl\/bip\/wp-content\/uploads\/2019\/06\/Bilans-sporz\u0105dzony-na-dzie\u0144-31.12.2018r.-1.pdf\"><img loading=\"lazy\" decoding=\"async\" class=\"alignnone wp-image-70 size-full\" src=\"http:\/\/www.pecciechanow.pl\/bip\/wp-content\/uploads\/2014\/06\/pdf.png\" alt=\"pdf\" width=\"50\" height=\"50\" \/><\/a><a href=\"http:\/\/www.pecciechanow.pl\/bip\/wp-content\/uploads\/2019\/06\/Rachunek-zysk\u00f3w-i-strat-na-31.12.2018r.-1.pdf\">Rachunek zysk\u00f3w i strat na 31.12.2018r.<\/a><\/p>\n<p>Maj\u0105tek Sp\u00f3\u0142ki wg stanu na 31.12.2017 r. wynosi\u0142\u00a0 49 712 751,70 z\u0142,<\/p>\n<p>w tym: &#8211; aktywa trwa\u0142e -36 540 447,60 z\u0142,<\/p>\n<p>&#8211; aktywa obrotowe &#8211; 13 172 304,10 z\u0142<\/p>\n<p>Kapita\u0142 w\u0142asny:\u00a0 32 505 026,46\u00a0 z\u0142, w tym: kapita\u0142 zak\u0142adowy &#8211; 10 607 420,00 z\u0142<\/p>\n<p>Zobowi\u0105zania i rezerwy na zobowi\u0105zania:\u00a0 17 207 725,24 z\u0142,\u00a0 w tym zobowi\u0105zania kr\u00f3tkoterminowe &#8211;\u00a0 7 372 784,11 z\u0142<\/p>\n<\/p>\n\n\n<p><\/p>\n","protected":false},"excerpt":{"rendered":"<p>Maj\u0105tek Sp\u00f3\u0142ki wg stanu na 31.12.2024 r. wynosi\u0142&nbsp; 133 322 178,20 z\u0142,w tym: &#8211; aktywa trwa\u0142e &#8211; 107 792 422,23 z\u0142,&#8211; aktywa obrotowe &#8211; 25 529 755,97 z\u0142Kapita\u0142 w\u0142asny:&nbsp; 43 634 021,64&nbsp; z\u0142, w tym: kapita\u0142 zak\u0142adowy &#8211; 11 229 640,00 z\u0142Zobowi\u0105zania i rezerwy na zobowi\u0105zania:&nbsp; 89 688 156,56 z\u0142,&nbsp; w tym zobowi\u0105zania kr\u00f3tkoterminowe &#8211;&nbsp; [&hellip;]<\/p>\n","protected":false},"author":7,"featured_media":0,"parent":5,"menu_order":0,"comment_status":"open","ping_status":"open","template":"","meta":{"footnotes":""},"class_list":["post-20","page","type-page","status-publish","hentry"],"_links":{"self":[{"href":"http:\/\/www.pecciechanow.pl\/bip\/wp-json\/wp\/v2\/pages\/20","targetHints":{"allow":["GET"]}}],"collection":[{"href":"http:\/\/www.pecciechanow.pl\/bip\/wp-json\/wp\/v2\/pages"}],"about":[{"href":"http:\/\/www.pecciechanow.pl\/bip\/wp-json\/wp\/v2\/types\/page"}],"author":[{"embeddable":true,"href":"http:\/\/www.pecciechanow.pl\/bip\/wp-json\/wp\/v2\/users\/7"}],"replies":[{"embeddable":true,"href":"http:\/\/www.pecciechanow.pl\/bip\/wp-json\/wp\/v2\/comments?post=20"}],"version-history":[{"count":51,"href":"http:\/\/www.pecciechanow.pl\/bip\/wp-json\/wp\/v2\/pages\/20\/revisions"}],"predecessor-version":[{"id":1454,"href":"http:\/\/www.pecciechanow.pl\/bip\/wp-json\/wp\/v2\/pages\/20\/revisions\/1454"}],"up":[{"embeddable":true,"href":"http:\/\/www.pecciechanow.pl\/bip\/wp-json\/wp\/v2\/pages\/5"}],"wp:attachment":[{"href":"http:\/\/www.pecciechanow.pl\/bip\/wp-json\/wp\/v2\/media?parent=20"}],"curies":[{"name":"wp","href":"https:\/\/api.w.org\/{rel}","templated":true}]}}